{"id":205,"date":"2020-02-08T19:47:14","date_gmt":"2020-02-08T19:47:14","guid":{"rendered":"http:\/\/www.mnfarm.sk\/?page_id=205"},"modified":"2020-02-08T19:59:54","modified_gmt":"2020-02-08T19:59:54","slug":"podpora-sponzoring-clone","status":"publish","type":"page","link":"http:\/\/www.mnfarm.sk\/?page_id=205","title":{"rendered":"Ochrana osobn\u00fdch \u00fadajov"},"content":{"rendered":"[vc_row][vc_column][vc_column_text]<span style=\"font-family: 'Open Sans'; font-size: 18px;\"><strong>Ochrana osobn\u00fdch \u00fadajov<\/strong><\/span><\/p>\n<p><span style=\"font-family: 'Open Sans'; font-size: 18px;\">D\u0148om 25. m\u00e1ja 2018 vstupuje do platnosti v\u0161eobecn\u00e9 nariadenie Eur\u00f3pskeho parlamentu a Rady Eur\u00f3pskej \u00fanie 2016\/679 o ochrane fyzick\u00fdch os\u00f4b v\u00a0s\u00favislosti so spracovan\u00edm osobn\u00fdch \u00fadajov a o vo\u013enom pohybe t\u00fdchto \u00fadajov, tie\u017e zn\u00e1me pod skratkou GDPR \u2013 General Data Protection Regulation, a\u00a0tie\u017e z\u00e1kona \u010d. 18\/2018 Z.z. o ochrane osobn\u00fdch \u00fadajov a o zmene a doplnen\u00ed niektor\u00fdch z\u00e1konov, ktor\u00fd ru\u0161\u00ed z\u00e1kon \u010d. 122\/2013 Z.z. o ochrane osobn\u00fdch \u00fadajov a dve vyhl\u00e1\u0161ky \u00faradu ( \u010d.164\/2013 Z.z. a \u010d. 165\/2013 Z.z.) a o zru\u0161en\u00ed smernice 95\/46\/ES.<\/span><\/p>\n<p><span style=\"font-family: 'Open Sans'; font-size: 18px;\">V s\u00favislosti s novou legislat\u00edvou vypracovala na\u0161a spolo\u010dnos\u0165 <a href=\"http:\/\/www.mnfarm.sk\/wp-content\/uploads\/2020\/02\/ochrana_osobnych_udajov_mn_farm.pdf\">Z\u00e1sady ochrany osobn\u00fdch \u00fadajov<\/a><strong>,<\/strong> ktor\u00e9 V\u00e1m t\u00fdmto predklad\u00e1me.<\/span><\/p>\n<p><span style=\"font-family: 'Open Sans'; font-size: 18px;\">V niektor\u00fdch pr\u00edpadoch sprac\u00favania osobn\u00fdch \u00fadajov fyzickej osoby bude aj na\u010falej potrebn\u00fd s\u00fahlas fyzickej osoby so sprac\u00favan\u00edm osobn\u00fdch \u00fadajov. Podrobnosti o Va\u0161om pr\u00e1ve udeli\u0165 s\u00fahlas so sprac\u00favan\u00edm osobn\u00fdch \u00fadajov n\u00e1jdete u\u017e v spom\u00ednan\u00fdch z\u00e1sad\u00e1ch. <a href=\"http:\/\/www.mnfarm.sk\/wp-content\/uploads\/2020\/02\/osobne_udaje_suhlas_mn_farm.pdf\">Vzor s\u00fahlasu\u00a0n\u00e1jdete tu<\/a>. Chceme V\u00e1s tie\u017e upozorni\u0165, \u017ee m\u00e1te pr\u00e1vo Vami udelen\u00fd s\u00fahlas kedyko\u013evek odvola\u0165, podrobnosti o Va\u0161om pr\u00e1ve odvola\u0165 udelen\u00fd s\u00fahlas n\u00e1jdete u\u017e v spom\u00ednan\u00fdch z\u00e1sad\u00e1ch. <a href=\"http:\/\/www.mnfarm.sk\/wp-content\/uploads\/2020\/02\/osobne_udaje_odvolanie_suhlasu_mn_farm.pdf\">Vzor odvolania s\u00fahlasu\u00a0n\u00e1jdete tu<\/a>.<\/span><\/p>\n<p><span style=\"font-family: 'Open Sans'; font-size: 18px;\">Na\u0161a spolo\u010dnos\u0165 v\u00a0s\u00favislosti s\u00a0novou legislat\u00edvou ur\u010dila pre oblas\u0165 ochrany osobn\u00fdch \u00fadajov\u00a0Zodpovedn\u00fa osobu, ktor\u00e1 V\u00e1m zodpovie v\u0161etky Va\u0161e pr\u00edpadn\u00e9 ot\u00e1zky t\u00fdkaj\u00face sa ochrany osobn\u00fdch \u00fadajov. <\/span><\/p>\n<p><span style=\"font-family: 'Open Sans'; font-size: 18px;\">Zodpovedn\u00fa osobu m\u00f4\u017eete kontaktova\u0165 nasledovn\u00fdmi sp\u00f4sobmi:<\/span><\/p>\n<ul>\n<li><span style=\"font-family: 'Open Sans'; font-size: 18px;\">p\u00edsomne zaslan\u00edm listu na adresu spolo\u010dnosti:<\/span><br \/>\n<span style=\"font-family: 'Open Sans'; font-size: 18px;\">MN farm, s.r.o.<\/span><\/li>\n<li><span style=\"font-family: 'Open Sans'; font-size: 18px;\">k ruk\u00e1m zodpovednej osoby pre GDPR<\/span><br \/>\n<span style=\"font-family: 'Open Sans'; font-size: 18px;\">MN farm, s.r.o.<br \/>\nHlavn\u00e1 233\/22<\/span><br \/>\n<span style=\"font-family: 'Open Sans'; font-size: 18px;\">\u010cif\u00e1re, 951 61, SR<\/span><\/li>\n<li><span style=\"font-family: 'Open Sans'; font-size: 18px;\">emailom na adrese\u00a0<a href=\"mailto:gdpr@mnfarm.sk\">gdpr@mnfarm.sk<\/a><\/span><\/li>\n<li><span style=\"font-family: 'Open Sans'; font-size: 18px;\">telefonicky\u00a0+421\u00a0940\u00a0600\u00a0940<\/span><\/li>\n<\/ul>\n[\/vc_column_text][\/vc_column][\/vc_row]\n","protected":false},"excerpt":{"rendered":"<p>[vc_row][vc_column][vc_column_text]Ochrana osobn\u00fdch \u00fadajov D\u0148om 25. m\u00e1ja 2018 vstupuje do platnosti v\u0161eobecn\u00e9 nariadenie Eur\u00f3pskeho parlamentu a Rady Eur\u00f3pskej \u00fanie 2016\/679 o ochrane fyzick\u00fdch os\u00f4b v\u00a0s\u00favislosti so spracovan\u00edm osobn\u00fdch \u00fadajov a o vo\u013enom pohybe t\u00fdchto \u00fadajov, tie\u017e zn\u00e1me pod skratkou GDPR \u2013&hellip;<\/p>\n","protected":false},"author":1,"featured_media":0,"parent":0,"menu_order":0,"comment_status":"closed","ping_status":"closed","template":"","meta":{"footnotes":""},"class_list":["post-205","page","type-page","status-publish","hentry","entry","no-media"],"_links":{"self":[{"href":"http:\/\/www.mnfarm.sk\/index.php?rest_route=\/wp\/v2\/pages\/205","targetHints":{"allow":["GET"]}}],"collection":[{"href":"http:\/\/www.mnfarm.sk\/index.php?rest_route=\/wp\/v2\/pages"}],"about":[{"href":"http:\/\/www.mnfarm.sk\/index.php?rest_route=\/wp\/v2\/types\/page"}],"author":[{"embeddable":true,"href":"http:\/\/www.mnfarm.sk\/index.php?rest_route=\/wp\/v2\/users\/1"}],"replies":[{"embeddable":true,"href":"http:\/\/www.mnfarm.sk\/index.php?rest_route=%2Fwp%2Fv2%2Fcomments&post=205"}],"version-history":[{"count":4,"href":"http:\/\/www.mnfarm.sk\/index.php?rest_route=\/wp\/v2\/pages\/205\/revisions"}],"predecessor-version":[{"id":214,"href":"http:\/\/www.mnfarm.sk\/index.php?rest_route=\/wp\/v2\/pages\/205\/revisions\/214"}],"wp:attachment":[{"href":"http:\/\/www.mnfarm.sk\/index.php?rest_route=%2Fwp%2Fv2%2Fmedia&parent=205"}],"curies":[{"name":"wp","href":"https:\/\/api.w.org\/{rel}","templated":true}]}}

Ochrana osobných údajov

[vc_row][vc_column][vc_column_text]<span style="font-family: 'Open Sans'; font-size: 18px;"><strong>Ochrana osobných údajov</strong></span></p>
<p><span style="font-family: 'Open Sans'; font-size: 18px;">Dňom 25. mája 2018 vstupuje do platnosti všeobecné nariadenie Európskeho parlamentu a Rady Európskej únie 2016/679 o ochrane fyzických osôb v súvislosti so spracovaním osobných údajov a o voľnom pohybe týchto údajov, tiež známe pod skratkou GDPR – General Data Protection Regulation, a tiež zákona č. 18/2018 Z.z. o ochrane osobných údajov a o zmene a doplnení niektorých zákonov, ktorý ruší zákon č. 122/2013 Z.z. o ochrane osobných údajov a dve vyhlášky úradu ( č.164/2013 Z.z. a č. 165/2013 Z.z.) a o zrušení smernice 95/46/ES.</span></p>
<p><span style="font-family: 'Open Sans'; font-size: 18px;">V súvislosti s novou legislatívou vypracovala naša spoločnosť <a href="http://www.mnfarm.sk/wp-content/uploads/2020/02/ochrana_osobnych_udajov_mn_farm.pdf">Zásady ochrany osobných údajov</a><strong>,</strong> ktoré Vám týmto predkladáme.</span></p>
<p><span style="font-family: 'Open Sans'; font-size: 18px;">V niektorých prípadoch spracúvania osobných údajov fyzickej osoby bude aj naďalej potrebný súhlas fyzickej osoby so spracúvaním osobných údajov. Podrobnosti o Vašom práve udeliť súhlas so spracúvaním osobných údajov nájdete už v spomínaných zásadách. <a href="http://www.mnfarm.sk/wp-content/uploads/2020/02/osobne_udaje_suhlas_mn_farm.pdf">Vzor súhlasu nájdete tu</a>. Chceme Vás tiež upozorniť, že máte právo Vami udelený súhlas kedykoľvek odvolať, podrobnosti o Vašom práve odvolať udelený súhlas nájdete už v spomínaných zásadách. <a href="http://www.mnfarm.sk/wp-content/uploads/2020/02/osobne_udaje_odvolanie_suhlasu_mn_farm.pdf">Vzor odvolania súhlasu nájdete tu</a>.</span></p>
<p><span style="font-family: 'Open Sans'; font-size: 18px;">Naša spoločnosť v súvislosti s novou legislatívou určila pre oblasť ochrany osobných údajov Zodpovednú osobu, ktorá Vám zodpovie všetky Vaše prípadné otázky týkajúce sa ochrany osobných údajov. </span></p>
<p><span style="font-family: 'Open Sans'; font-size: 18px;">Zodpovednú osobu môžete kontaktovať nasledovnými spôsobmi:</span></p>
<ul>
<li><span style="font-family: 'Open Sans'; font-size: 18px;">písomne zaslaním listu na adresu spoločnosti:</span><br />
<span style="font-family: 'Open Sans'; font-size: 18px;">MN farm, s.r.o.</span></li>
<li><span style="font-family: 'Open Sans'; font-size: 18px;">k rukám zodpovednej osoby pre GDPR</span><br />
<span style="font-family: 'Open Sans'; font-size: 18px;">MN farm, s.r.o.<br />
Hlavná 233/22</span><br />
<span style="font-family: 'Open Sans'; font-size: 18px;">Čifáre, 951 61, SR</span></li>
<li><span style="font-family: 'Open Sans'; font-size: 18px;">emailom na adrese <a href="mailto:gdpr@mnfarm.sk">gdpr@mnfarm.sk</a></span></li>
<li><span style="font-family: 'Open Sans'; font-size: 18px;">telefonicky +421 940 600 940</span></li>
</ul>
[/vc_column_text][/vc_column][/vc_row]

<p>[vc_row][vc_column][vc_column_text]Ochrana osobných údajov Dňom 25. mája 2018 vstupuje do platnosti všeobecné nariadenie Európskeho parlamentu a Rady Európskej únie 2016/679 o ochrane fyzických osôb v súvislosti so spracovaním osobných údajov a o voľnom pohybe týchto údajov, tiež známe pod skratkou GDPR –&hellip;</p>
